-5*w = 2*v - 150, -v + 0*v + 73 = 2*w. Calculate the greatest common divisor of v and m.
13
Let v be (-161)/69*(-512 - -2). Calculate the greatest common divisor of 140 and v.
70
Suppose -8*h - 9*h - 12348 = -21*h. What is the highest common factor of 9 and h?
9
Let w be 6/(-4)*(71904/(-18))/8. Suppose -27*c = -763 - w. What is the greatest common factor of c and 88?
8
Let d be ((-14)/2 + -1)/(11/(-198)). Calculate the greatest common divisor of 368 and d.
16
Suppose 2*v = -3*h + v + 1236, -412 = -h + v. Suppose -2*k + h - 132 = 5*r, -2*k = -5*r + 280. What is the highest common divisor of 14 and r?
14
Let z(q) = q**3 + 19*q**2 - 24*q - 35. Let a be z(-20). Let n = a - 60. Let c be 68 + n/(-3 + 8). What is the greatest common divisor of c and 26?
13
Let w(v) = 189*v + 2328. Let z be w(-4). Calculate the greatest common divisor of z and 84.
12
Let t be -1 + (-9)/12*-4 - -2. Let h be (-10)/(-3)*(82/4 - t). Suppose -r + 6*r - h = 0. What is the greatest common factor of 143 and r?
11
Let m(z) = -z**3 + 19*z**2 + 94*z + 62. Let c be m(23). What is the highest common factor of c and 3132?
108
Let x be (835/(-35) + 24)*84. Let m be (-3)/(-2)*8*11. Calculate the greatest common factor of m and x.
12
Let l be (-85606)/(-69) + -9 - (-4)/3. What is the highest common divisor of l and 9?
9
Let i be 1*((-130)/13 + 21). What is the highest common divisor of i and 990?
11
Let l = 1719 + -573. Calculate the greatest common factor of 24 and l.
6
Let f = 2137 - 2117. Let t = 47 - 27. What is the greatest common factor of f and t?
20
Let o(u) = u**2 + 9*u. Let j be o(-11). Suppose 0 = n - 4*y + 258, -4*y + 223 = -n - 7*y. Let g = j - n. Calculate the greatest common divisor of 26 and g.
26
Let i(u) = 226*u + 6 + 237*u + 2 - 462*u. Let c be i(5). Let g(f) = f + 7. Let s be g(6). Calculate the highest common divisor of c and s.
13
Suppose 0 = -32*x + 867 + 541. What is the highest common factor of 154 and x?
22
Let b = -83 - -151. Let r = 71 - b. Suppose 0 = 4*q - r*f - 30 - 29, 28 = 3*q + f. What is the greatest common divisor of q and 11?
11
Let v = -198 + 338. Suppose 51*h - v = 49*h. Suppose -4*y = -2*u - 514, -3*y + 4*u - h = -468. Calculate the greatest common factor of y and 14.
14
Let y(p) be the third derivative of p**4/6 + 33*p**3/2 + 182*p**2. Let w be y(-23). What is the greatest common divisor of w and 56?
7
Let d(j) = -35*j**3 - 52*j**2 - 7*j + 9. Let c be d(-4). Calculate the highest common factor of 15 and c.
5
Let s = -511 - -285. Let o = s - -381. What is the highest common divisor of 5 and o?
5
Suppose 78 = 3*n - 5*a, 0 = -4*n - 4*a + 253 - 149. What is the highest common divisor of 14222 and n?
26
Let m = 11309 - 11292. Calculate the highest common divisor of m and 1921.
17
Suppose i + 277 = 5*f, 0 = -5*i + 8*f - 3*f - 1345. Let p = -228 - i. What is the highest common divisor of 13 and p?
13
Suppose 48*y - 147199 - 29103 - 223346 = 0. Calculate the greatest common divisor of y and 46.
46
Let i(c) = 3*c**3 + c**2 - 3*c + 3. Let p be i(1). Suppose -u = -p*u + 9. What is the greatest common factor of 51 and u?
3
Let z be 18 - 0 - (9 - 7)*6. Calculate the highest common divisor of 19506 and z.
6
Suppose -3*d + 211 = -2*n, 5*d = 4*n + 452 - 35. Let v = n + 95. Let o be 67 - -2 - -9*v/9. Calculate the highest common factor of 44 and o.
22
Suppose c = 4*y - 1632, 5*y + 6*c - 5*c = 2040. Let p = -2370 - -2394. What is the highest common factor of p and y?
24
Let p(o) = 78*o + 8. Let h be p(16). Let q = h + -584. What is the highest common factor of q and 7?
7
Let p be ((-264)/10)/((-2)/10). Let i(l) = -2*l**3 - 3*l**2 + 7*l - 19. Let b be i(7). Let j = -791 - b. Calculate the highest common factor of p and j.
12
Let s(r) = 4*r**2 + 3*r + 16. Let m be s(-9). Let i = m - 302. Calculate the greatest common divisor of 341 and i.
11
Let g = 505 + -499. Let y be 3075/100 - g/8. Calculate the greatest common divisor of y and 80.
10
Let j = 68 - 68. Suppose 3*q - 225 + 63 = j. Let i = 76 - q. What is the highest common divisor of 11 and i?
11
Suppose 0 = 82*g - 11*g - 1278. What is the greatest common divisor of 2187 and g?
9
Let g = -265 + 319. Suppose 0 = -67*t + g*t + 208. Calculate the highest common divisor of t and 80.
16
Let t(n) = -2*n**3 + 130*n**2 - 372*n + 7. Let o be t(3). Calculate the greatest common factor of 17122 and o.
7
Let c be 3/(3/(-2))*1470/(-10). Suppose -5*m - 159 = -5*r + 41, 2*r = -4*m + 92. Calculate the highest common factor of c and r.
42
Suppose 4*o = 4*n - 8, -4*o - 8 + 14 = 3*n. Suppose -260 = -n*x - 11*x. Calculate the highest common divisor of x and 60.
20
Suppose -4*y + 45 = y - 3*n, -2*n = 3*y - 8. Suppose -416 = -y*q + 112. Suppose 84*m - q*m + 40 = 0. Calculate the highest common divisor of 40 and m.
10
Let l(u) = -2*u**2 - 39*u - 10. Let s be l(-15). Suppose -s + 2285 = 10*x. Calculate the highest common divisor of 48 and x.
24
Suppose -300 + 76 = -8*w. Suppose b + 52 = 5*h + 11, 3*h + 4*b - 20 = 0. Suppose -h = w*k - 29*k. What is the highest common factor of 6 and k?
2
Suppose -17*d = -11*d - 72. Let j(f) = -f**2 + 10*f + 28. Let o be j(d). What is the greatest common divisor of 28 and o?
4
Let p(j) = 8*j**2 + 1. Let s be -16*5/(-10)*-2. Let q = 15 + s. Let l be p(q). What is the greatest common factor of l and 99?
9
Let s(y) = -58*y + 2348. Let a be s(32). What is the greatest common divisor of 156 and a?
12
Let n = -740 + 749. Let l(h) = 26*h + 3. Let y be l(3). Calculate the greatest common divisor of y and n.
9
Let a be (9/(-6))/((-246)/80 - -3). Let u = -11 - -31. Suppose 2*p - u = -2*p. What is the highest common factor of a and p?
5
Let j(x) be the second derivative of -x**3/6 - 67*x**2/2 - 22*x. Let n be j(0). Let z = n - -89. Calculate the greatest common factor of z and 88.
22
Let x be (11264/48)/(-8)*(-9)/6. What is the greatest common factor of x and 66?
22
Suppose -15*t - 144 = -21*t. Suppose -6*q + 2880 = t*q. What is the highest common divisor of q and 132?
12
Suppose -56*s - 4*s + 1260 = 0. Suppose o - 3*q = 84, -s + 6 = -3*q. Calculate the greatest common divisor of 72 and o.
9
Let u(f) = f**2 - 4*f - 6. Let g be u(5). Let v(d) = -d**3 + 2*d**2 - 2*d - 3. Let j be v(g). Calculate the highest common divisor of j and 6.
2
Suppose 0*d = -3*d + 594. Let j = -12 - -17. Suppose -3*p + j*y + 17 + 37 = 0, -4*p = 2*y - 72. Calculate the highest common divisor of d and p.
18
Suppose 4*u + 3536 = 20*p - 15*p, -5*p - u + 3541 = 0. Calculate the greatest common factor of 12 and p.
12
Let p be 133/(-315) + 2/9 + (-896)/(-5). What is the greatest common factor of p and 3?
1
Let u = -5775 - -5783. Suppose -3*n + 0*n = -9. Calculate the greatest common factor of n and u.
1
Let p(g) = -1313*g**3 - 3*g**2 - 39*g - 37. Let y be p(-1). Calculate the greatest common divisor of y and 287.
41
Let r(d) = -812*d - 3083. Let o be r(-4). Let g(q) = -q**2 + 110. Let f be g(0). Calculate the greatest common factor of f and o.
55
Let o(v) = -11 - 24 - 4 + 30*v - 5. Let w be o(5). What is the greatest common divisor of 53 and w?
53
Suppose w = -5*l - 0*w + 596, 492 = 4*l - 3*w. Let x(b) = -273*b + 9600. Let h be x(35). What is the greatest common factor of h and l?
15
Let c be (-147)/6*(12/6 - 130/35). Let x(z) = -z**3 + 14*z**2 - 2*z + 10. Let t be x(8). What is the highest common divisor of t and c?
42
Suppose 0 = -13*j + 21*j - 64. Suppose f - 100 = -4*c, 4*f - 63 = -4*c + 397. What is the greatest common divisor of f and j?
8
Let f(j) = 17*j - 27. Let t(n) = -50*n + 80. Let v(o) = -7*f(o) - 2*t(o). Let i be v(-6). Calculate the highest common divisor of i and 11.
11
Suppose 0 = -189*x + 20189 + 31786. What is the greatest common factor of 625 and x?
25
Let l = 947 + -949. Suppose -5*w + 5*h + 35 = 0, 2*w = -w + 4*h + 18. Let s = w - l. Calculate the greatest common factor of 28 and s.
4
Suppose 0 = 7*f + 8*f - 525. Calculate the highest common divisor of f and 2765.
35
Suppose 477960 = 368*q + 52552. What is the highest common factor of 68 and q?
68
Let x(l) = -6*l + 108. Let s be x(21). Let z be (-2414)/(-153) + (-4)/s. What is the highest common factor of z and 56?
8
Let j = 348 - 342. Let u be 1/6 + j/(216/9498). Calculate the greatest common divisor of 12 and u.
12
Suppose 4*b + 2*x - 2014 = 0, 6*b - 3*b - 1533 = 3*x. 